 2. Let o be k(3). Suppose -o*a + 0*a = -116. Suppose 2*y + 3*l = l + 58, y - a = l. What is the tens digit of y?
2
What is the tens digit of ((-2)/(-6) - (-341)/(-465))*-9515?
0
Let x(g) be the second derivative of -g**5/10 + g**4/3 + g**3/6 - 3*g**2/2 - 5*g. Let l = -4 - -2. What is the units digit of x(l)?
7
Suppose 6*d + 9*d - 7260 = 0. What is the tens digit of d?
8
Suppose -40 + 12 = 4*j. Let i = j - -28. Let g = 0 + i. What is the units digit of g?
1
Let z(i) = i**3 + 4*i**2 + 2*i + 1. Let p be z(-2). Suppose -20 = -p*f + 95. What is the units digit of f?
3
What is the tens digit of 12/3 + -5 + 777?
7
Let i(t) = 2*t - 34. Let h be i(14). Let n = h + 36. What is the units digit of n?
0
Let y(f) = -f + 2. Let l be y(-8). Suppose -14 = -c - l. Suppose -33 = c*s - 7*s + z, -s + 2*z = -16. What is the tens digit of s?
1
Suppose 4*q + 5*b = 52, 37 - 102 = -5*q + 2*b. Let x = 16 - q. Suppose -x*d - 104 = -7*d. What is the units digit of d?
6
Suppose 3*a - a = 4. Suppose i - a*i = 0. What is the units digit of (-3)/3*(-2 - i)?
2
Let w(n) = 23*n - 17. Suppose 12 = 5*p - 4*k, -3*p + 2*k = -0*k - 8. What is the tens digit of w(p)?
7
Let y be ((-2)/(6*1))/((-9)/459). Let x(f) = 2*f**2 - 9*f - 5. Let i be x(7). Let v = i - y. What is the units digit of v?
3
What is the tens digit of 70/175 + (-11096)/(-10)?
1
Let f = 2439 + -159. What is the tens digit of f?
8
What is the tens digit of ((-8)/10)/((-22422)/7470 + 3)?
9
Let n(z) = -z**2 + 20*z - 11. Let v be (-1)/((-5)/75) + -5. What is the tens digit of n(v)?
8
Let c be 0 - 0 - (1 + -9). Let g(k) = 4*k + 4. Let m be g(c). Suppose -f + 4*f = m. What is the units digit of f?
2
Let u(x) = 409*x**2 + x + 2. What is the tens digit of u(1)?
1
Suppose 449 = 2*l - 3*c, 2*l + l - 702 = -5*c. What is the tens digit of l?
2
Let h(m) = 11*m**2 - 4*m. Let l = -14 + 11. What is the hundreds digit of h(l)?
1
Suppose 3*q - q - 70 = 0. Let p = q + -24. What is the tens digit of p?
1
Suppose 2*l + 2 + 13 = z, 0 = 5*l + 5. What is the units digit of z?
3
Let v(p) = 27*p + 156. What is the tens digit of v(39)?
0
Let j(l) = 2*l**2 - 2*l - 1. Let r be j(2). Let h = -79 - -80. What is the units digit of h/(r/5)*3?
5
Suppose 0 = -3*u - 9 + 18. Suppose 0 = -q + 5*n + 258, 0*q - u*n = 4*q - 1032. What is the tens digit of q?
5
Let l(q) = 14*q - 35. Let y = -17 + 31. What is the tens digit of l(y)?
6
Let t = -51 + 47. What is the units digit of t/38 - 4576/(-152)?
0
Let v(q) = q**2 - 10*q + 13. Let s be v(9). Suppose y - 92 = s*w, 0 = -2*y - 3*y. Let i = -17 - w. What is the units digit of i?
6
Let v = 128 + -65. Let p = 109 - v. Let h = p + -22. What is the units digit of h?
4
Suppose -4*k - 2*o + 23159 - 6003 = 0, 0 = 4*o + 16. What is the thousands digit of k?
4
Let h(t) = 67*t + 26. What is the tens digit of h(6)?
2
Let z(h) be the second derivative of 11*h**3/3 - 11*h**2/2 + 13*h. What is the tens digit of z(5)?
9
Let g be ((-2)/2)/((-2)/6). Suppose 89*q - 16 = 85*q. Suppose -g*v - 12 = 0, -5*b - q*v + 0*v = -44. What is the units digit of b?
2
Let t(h) = 3*h**2 - 5*h - 11. Suppose 3*p + 9 - 27 = 0. What is the tens digit of t(p)?
6
Let d = -25 - -263. What is the units digit of d?
8
Suppose 3*l - 20 - 199 = 3*p, 4*l = 3*p + 291. Let j = l - -9. What is the tens digit of j?
8
Let o(q) = -q**3 - 9*q**2 + q + 14. Let k be o(-9). What is the tens digit of k*68/20 + 1/(-1)?
1
Let o(r) = -7*r + 1. Let t be (2/3)/((-2)/(-3)). Suppose 4*v - t + 6 = -5*p, 0 = 3*v + 5*p. What is the units digit of o(v)?
6
Let g(u) = -1 - 5*u + 1 - 2*u**2. Let t be g(-6). Let w = -20 - t. What is the units digit of w?
2
Let v(c) = -3 + 2*c**2 - 6*c - 3*c**3 + 2*c + 4*c**3 + 5. Let u be v(2). Let h(s) = s**2 - 5*s - 6. What is the units digit of h(u)?
4
Suppose 18538 = 3*k + 20*k. What is the hundreds digit of k?
8
Let f = 358 + -217. Suppose -2*k + f = w, 3*w - 4*k - 298 = w. What is the units digit of w?
5
Suppose 1106 = -7*z + 8*z + 4*f, -3*z + 3296 = f. What is the units digit of z?
8
Let j(k) = -k**3 + 3*k**2 + 9*k - 10. Let x be j(7). Let z = -71 - x. What is the tens digit of z?
7
Let w(p) = p**3 + 11*p**2 - p - 4. Let s be w(-11). Suppose 111 = -6*q + s*q. Let m = q + -53. What is the tens digit of m?
5
Suppose -94852 = -33*x - 13*x. What is the hundreds digit of x?
0
Let o = 103 - 88. What is the tens digit of o/(-20) - (-1678)/8?
0
Suppose 0 = 3*i + c - 12181, i - 10*c = -12*c + 4067. What is the thousands digit of i?
4
Suppose 25*a = 21*a. Let o(q) = 2*q + q**2 + a*q**2 + 3*q**2 + 3. What is the tens digit of o(-3)?
3
Suppose -29*m + 3760 = -24*m. What is the hundreds digit of m?
7
Let r be (-132)/(-18) - (-2)/3. What is the units digit of r*33/(-18)*(-3)/1?
4
Let i be (-7)/(-3) + 2/(-6). Let a be (-1)/((-1)/i) - -1. Suppose 2*w + w - 38 = -s, 4*s + 13 = a*w. What is the units digit of w?
1
Suppose -b + 14 - 70 = 0. Let k = b - -130. What is the units digit of k?
4
Let f = 6576 - 4334. What is the tens digit of f?
4
Suppose -746 = -2*r + f, r + 99 - 454 = 5*f. What is the hundreds digit of r?
3
Let g(k) be the first derivative of k**3/3 - 3*k**2 + 4. Let l be g(11). Suppose 4*s + s = l. What is the units digit of s?
1
Suppose 8*o - 978 = -2*k + 4*o, 2478 = 5*k - o. What is the hundreds digit of k?
4
Let v(j) = -j**3 + 25*j**2 - 5*j - 100. What is the tens digit of v(24)?
5
Let x(k) = 264*k**3 - 1. What is the tens digit of x(1)?
6
What is the units digit of ((-601)/(-2))/((-8)/(-16))?
1
Suppose -v + 3*v = -4*y + 254, 0 = -v - 5*y + 127. Suppose 234 = 3*n - 4*c - v, c - 125 = -n. What is the units digit of n?
3
Let t(m) = -m**2 - 30*m + 36. Let o be t(-31). What is the tens digit of 1 + o + 69 + -2?
7
Suppose -145 = -5*u + 50. Let h = 64 - u. Suppose 7*c = 2*c + h. What is the units digit of c?
5
Let i be 0 - ((-4)/(-16) - (-47)/4). What is the tens digit of (-1)/((-8)/i)*652/(-6)?
6
Let h be 2/3*24/4. Suppose -2*b = h*d - 78, 3*d + 2 = b - 37. What is the tens digit of b?
3
Let j be (6 - 2) + 1 + 0. Suppose 64 = 4*u - o, 1 + 19 = j*o. What is the tens digit of u?
1
Let x(y) = -3*y - 38. Let p be x(-14). Let i(c) = -c**3 + c**2 - 4. Let d(w) = -w**2 - w. Let s(q) = 2*d(q) - i(q). What is the tens digit of s(p)?
1
Let s be -3 + -3 + (-3 - -8). Let m(o) = 123*o**2 - 2*o - 2. What is the hundreds digit of m(s)?
1
Let o(i) be the second derivative of 5*i**3/6 - i**2/2 + 5*i. Let y be o(-3). What is the units digit of (76/y)/(2/(-8))?
9
Suppose 3*s = 4*s + p + 7, 2*s = 3*p - 9. Let l = -71 + 91. What is the tens digit of (-90)/25*l/s?
1
Suppose -7*v + 2*v = -2460. What is the units digit of v?
2
Let t be -2*(1 + (-9)/6). Let r be 3 + -2 + (-1)/t. Suppose r = -0*u + 4*u - 168. What is the tens digit of u?
4
Suppose -5*w = 5*f - 10, 1 - 2 = w. What is the units digit of 41/((-4)/(-20) + f/10)?
2
Let i = 2658 - 1830. What is the tens digit of i?
2
Suppose -3*w + 2*w - 5*i = -43, 0 = 5*w - 4*i - 244. Suppose 36 + w = j. What is the tens digit of j?
8
Suppose 0 = -2*j + 14 + 8. Suppose 6*s - j = 25. Let o(v) = v**2 - 6*v + 14. What is the units digit of o(s)?
4
Let i(q) = q**3 - 8*q**2 + 7*q + 4. Let f be i(7). Let s be 148/(-5)*(-30)/f. Suppose -s = -2*w - w. What is the tens digit of w?
7
Let l be 6/(-9)*108/(-8). What is the tens digit of (-6)/l + (1120/6 - -2)?
8
Let b(p) be the third derivative of -1/60*p**5 - 5/6*p**3 + 0 - 3*p**2 + 0*p + 7/24*p**4. What is the units digit of b(5)?
5
Let p(a) = a**2 + 2*a + 2. Let y be p(-5). Let t be 2*(-15)/(-6)*y. What is the tens digit of 2 + -2 - t/(-5)?
1
Suppose -m + 189 + 1151 = r, m - 1331 = -4*r. What is the thousands digit of m?
1
Let m(t) = -514*t - 6. What is the hundreds digit of m(-3)?
5
Let a(n) = 84*n**3 - 5*n**2 + 2*n - 1. What is the tens digit of a(2)?
5
What is the hundreds digit of (-14471)/(-29) + (0 - (2 - 4))?
5
Suppose -2*d - 4 = 0, 4*t + 4*d + 4 = 16. Let l(w) = 1 - w - 6 + 3 + w**2. What is the tens digit of l(t)?
1
Let q be (-20)/3*12/5. Let o = 99 + q. What is the tens digit of o?
8
Suppose 4*b + 2059 = l, -13*b - 4111 = -2*l - 12*b. What is the thousands digit of l?
2
Suppose t = 4*t - 45. Let g = -19 + t. What is the tens digit of (-3)/(-30)*g*-50?
2
Let d(g) = g**2 - g + 1. Let b(t) = t**3 - 2*t**2 - 8*t + 11. Let h(k) = b(k) - 4*d(k). Let r = -56 + 63. What is the tens di